z(f). Give k(2).
-1
Let a = 7 + -1. Let s(g) = 2*g - 9. Calculate s(a).
3
Let g(p) be the first derivative of p**3/3 - 3*p**2/2 - 3*p - 10. Let u be g(-2). Let o(w) = -w**3 + 6*w**2 + 6*w + 5. Calculate o(u).
-2
Let j(g) be the second derivative of 5/6*g**3 - 1/24*g**4 - 1/120*g**6 - g**2 + 1/12*g**5 + 0 - 2*g. Let w(v) be the first derivative of j(v). Calculate w(5).
0
Let h(b) = b**2 - 4*b - 4. Let p(o) = o + 1. Let n(m) = h(m) - 3*p(m). Determine n(8).
1
Let f(v) = -v**3 - 3*v**2 - 2*v + 2. Let x be f(-2). Suppose 0 = 5*q - w - 18, -6*q + x*w + 21 = -q. Let c(n) = n**2 - 3*n - 3. Determine c(q).
-3
Suppose -2 = p - 4. Let v(l) = -5*l + 0*l**2 + 5*l**p - 6*l**2 + 0*l**2 - 4. Suppose 0*n = -4*n - 20. Give v(n).
-4
Let o(m) = 20*m**2 - 11*m + 11. Suppose 6*q = q + 30. Let t(v) = 7*v**2 - 4*v + 4. Let n(k) = q*o(k) - 17*t(k). Determine n(-4).
6
Let l(z) = -5*z + 4. Let x(p) = p**3 - 4*p**2 + 3*p + 3. Let o be x(3). Determine l(o).
-11
Let r = -1 + 4. Let f(j) = 2*j + 4*j + r - j. Let p = -5 - -3. Give f(p).
-7
Let d(b) = b**2 + 3*b - 37. Let h be d(-8). Let l(f) = 2*f**3 - 2*f**2 - 3*f + 3. Give l(h).
30
Let l(i) = -3*i + 2*i + 6*i**2 + 6*i**2 + 2 - 11*i**2. Give l(0).
2
Let g(y) be the first derivative of y**4/4 + 5*y**3/3 + 5*y**2/2 + y + 15. Let d(b) = -3 - 5*b + 2*b - 1 + b**2. Let q be d(3). Determine g(q).
-3
Let s(m) = m**2 + m - 5. Let n be s(0). Let z(c) be the second derivative of -c + 1/2*c**4 + 1/20*c**5 + 0 - 5/2*c**2 + 1/2*c**3. Give z(n).
5
Let o be (2/8)/(14/84). Let q(l) be the second derivative of 1/20*l**5 + 2*l + 0 - o*l**2 + l**3 - 5/12*l**4. What is q(4)?
5
Suppose -t + 7 = -5*y, -4*y - 1 - 1 = t. Suppose 0 = t*g + 5*q, q = -g - 3*q. Let w(f) = f**3 - f**2 + f - 7. Determine w(g).
-7
Let v be 4/(-30) - (-4)/30. Let u(b) = b**3. Give u(v).
0
Let f(p) = -2*p**2 - 3*p - 1. Suppose -5*r - q = -10, -2*r + 4*q = 10 - 36. Suppose r*v - 2 = -4*w, 2*v - v - 2*w + 6 = 0. What is f(v)?
-3
Let k(g) = -g**2 - 7*g - 6. Let t be k(-6). Suppose t = -2*r + 6 + 6. Let h(s) = 0*s + 6*s + r - 8 - s**2. Determine h(4).
6
Let r(x) = 6 + 2*x - 2*x - x**2 - x + 6*x. What is r(7)?
-8
Let h(v) = -v + 4. Let o be h(6). Let x(w) = 23336 + 2*w**2 - 23334 - w**2 + 2*w**3 - w. What is x(o)?
-8
Let l be (4/10)/(3/(-15)). Let n be 3/(2*1/l). Let v = 2 - n. Let j(z) = z**2 - 4*z - 7. What is j(v)?
-2
Let n be (-18)/(-8)*(-80)/(-30). Let f(h) = 2*h - 5. Give f(n).
7
Suppose 2*a + 15 - 3 = 0. Let g = -3 - -7. Let q = a + g. Let b(w) = w**3 + w**2 + w. Give b(q).
-6
Let c(b) = -25*b - 5. Let j(p) = -6*p - 1. Let m(r) = 2*c(r) - 9*j(r). Let x(k) be the third derivative of -k**4/24 - k**3/3 + 4*k**2. Let q be x(0). Give m(q).
-9
Let o = -3 + 30. Suppose 0 = -3*f + y - 11, o = -5*y + 7. Let i(j) = j**2 + 3*j - 3. Give i(f).
7
Let x be 46/(1/(-2*1)). Suppose -2*j + 4*j = 40. Let v be x/j - (-2)/(-5). Let h(s) = -s**2 - 5*s - 1. Determine h(v).
-1
Let j(t) = -4*t**3 - t**2 + t - 1. Let a(w) = -w**2 + 6*w - 4. Let y be a(2). Suppose 8*u = y*u + 4. Calculate j(u).
-5
Let o = 0 + -5. Let i(t) = t + 7. Determine i(o).
2
Let q(b) be the first derivative of -b**4/2 - b**2 - b - 16. Determine q(-1).
3
Let v(o) be the second derivative of -o**6/120 - 7*o**5/60 - 5*o**4/24 - o**3/2 - o**2 - 5*o. Let q(m) be the first derivative of v(m). What is q(-6)?
-9
Let d(l) = -l - 5 + 0 + 6. Calculate d(-5).
6
Suppose 4*l - u + 2*u = 14, l + 5*u = 13. Let a(j) = j**3 - 4*j**2 - 2*j + 4. What is a(l)?
-11
Let z(p) = -2 - 3*p - 2*p**2 - 4 + 4. Let y(n) = -n**2 + 1. Let k(t) = -3*y(t) + z(t). Let v(o) = -5*o. Let i be v(-1). Determine k(i).
5
Suppose -5*g + 2*u - 5 - 1 = 0, 0 = 3*u + 6. Let s(a) = a**2 - a - 1. Calculate s(g).
5
Let i(t) be the first derivative of -t**3/6 + t**2 + t - 1. Let z(l) be the first derivative of i(l). Let g(n) = n**2 - 8*n - 9. Let b be g(9). Determine z(b).
2
Let t be (8 - (-16)/(-4)) + 1. Let z = 4 - 4. Suppose z = j + 2*s - 15, -t*j + s + 16 = -4. Let y(m) = m - 1. What is y(j)?
4
Let h = -3 - -7. Suppose 2*a + 2*x = -0*x + 14, x - h = 0. Let m(t) = -t. Give m(a).
-3
Suppose -4 = -0*q + 4*q, 5 = -5*l + 5*q. Let s(z) = -3 + 3 - 1 + 0 - 4*z**2 - 2*z. What is s(l)?
-13
Let t(f) be the third derivative of -f**5/60 + f**4/4 + f**3/6 - 6*f**2. What is t(6)?
1
Let u(n) = -3*n + 4. Let f(b) = b + 1. Let d(z) = -2*f(z) + u(z). Suppose 12 = -6*m + 2*m. Let x be 10/8 + m/(-4). Give d(x).
-8
Let j(h) = h + 1. Suppose -x + 300 = 3*x. Suppose -3*n = 2*n + x. Let s be (-2 - n/6)*-4. Determine j(s).
-1
Suppose 0 = 10*n - 5*n + 20. Let v(w) = w**3 + 4*w**2 - 3*w - 4. Give v(n).
8
Suppose -4*o = 2 + 2. Let j = 9 + -6. Let u(r) = -j*r - 3 + 6*r + 2. Give u(o).
-4
Let y(i) be the second derivative of 0 + 0*i**2 + 1/6*i**3 + i. Let h be 21/(-9)*3 - -3. What is y(h)?
-4
Let p(f) be the second derivative of -f**4/12 - 5*f**3/3 + 15*f**2/2 - f. Let o be p(-11). Let s(h) be the first derivative of -2*h**2 + 3*h - 3. Give s(o).
-13
Suppose -2*d = -4*n - 22, -d - 5*n = 11 + 6. Let r be (0 - 3)/((-3)/d). Suppose -3 = -3*v, -5 - 6 = -r*j + v. Let f(t) = t**2 - 5*t - 2. Calculate f(j).
-6
Let d(x) = -25*x**2 - 100*x + 3*x**2 + 99*x. What is d(-1)?
-21
Let h(t) = 3*t**3 + 15*t**2 + 9*t - 7. Let s(j) = 4*j**3 + 22*j**2 + 14*j - 10. Let i(c) = -7*h(c) + 5*s(c). What is i(6)?
5
Let m be ((-48)/(-4))/(-4) - 1. Let r(j) = -j**2 - 3*j + 4. Determine r(m).
0
Let x be (-1)/(-3) - (-16)/(-3). Let l = 13 + -7. Let g(m) = 1 - l*m**2 - 1 - 6*m - m**3. Calculate g(x).
5
Let j(m) = -2*m - 8. Let n be j(-6). Suppose 36 = -n*d - 5*l, -2*d + 7*d = -5*l - 40. Let a(h) = h**2 + h - 5. Calculate a(d).
7
Let g be 4 - (0 - -1)*-1. Suppose -2*r = r + 2*o + 14, -5*r + 4*o = -6. Let s = g + r. Let w(b) = 2*b - 3. Determine w(s).
3
Let g(t) = t**3 + 3*t**2 + 2*t - 2. Let c(p) = -3*p**2 - 2*p - 1. Let y be c(-1). Calculate g(y).
-2
Suppose 0 = -2*x + 2 + 2. Suppose -3*h + 2*w = -4*h + 2, 0 = -5*w. Let q(j) = -1 - 3*j**3 + h + j + 2*j**3. Calculate q(x).
-5
Let w(a) = a**2 + a + 1. Let m(v) = -v**3 + 5*v**2 + 2*v - 7. Let g be m(5). Suppose -c = 4*y - 7, g*c - 49 = 3*y - y. Suppose -2*z = 3*z + c. Give w(z).
7
Let t(d) = -6*d**2 - 4*d + 5. Let j(x) = -x + 1. Let h(p) = 4*j(p) - t(p). Give h(1).
5
Let d(y) = 8*y - 5*y + 0*y + 3. What is d(-5)?
-12
Suppose 3*j + 2 + 5 = i, 5*j = 4*i. Let a(b) = b**3 + 3*b**2 - 3*b. Give a(j).
-4
Suppose -l + 5*l = 8. Let i = l - 1. Let q(v) = -3*v + 2*v - i - 4. Calculate q(4).
-9
Suppose 4*w + 7 = 3*h + 5*w, -5*w = -2*h + 16. Let m(z) = -h - 2*z + 0 + 4. Let f be -3*2*(-1)/3. Calculate m(f).
-3
Let y(u) = 3*u**2. Suppose 2*s + 6 = -4*k, 0*s - 27 = -4*s + 5*k. Suppose -s*c - 6 = -6*c. What is y(c)?
12
Let b(z) be the first derivative of -z**4/4 - 4*z**3/3 + 7*z**2/2 + 4*z + 1. Let d be -5 - ((-4)/(-2) - 2). Determine b(d).
-6
Let v(u) = 3 - 4*u**2 - 6 - 5*u + 2. Let c(m) = 177*m - 178*m + 3*m**2 - 4*m**2. Let o(l) = -9*c(l) + 2*v(l). Calculate o(2).
0
Let c = 18 + -16. Let s(p) = c*p**2 - 4*p**2 + 3*p**2. Calculate s(1).
1
Let l(s) = -s - 4. Suppose -3*h + 3*p + 45 = 0, 29 = -h + 3*h - p. Let i be (21/h)/((-6)/20). Calculate l(i).
1
Let l = -7 - -12. Suppose -2*x + l*z - 23 = 0, -3*x - 4*z = -31 + 8. Let w(u) = 12*u**3. What is w(x)?
12
Let a(b) be the second derivative of b**5/20 - b**4/3 - 5*b**3/6 - 7*b. What is a(5)?
0
Let j(m) = -2*m**2 + 2*m - 4*m + m**2. Suppose 0 = -v - 4*i + 11, -8*v + 14 = -4*v + i. Suppose 0 = -2*o - 5 + v. Calculate j(o).
1
Let b(r) = r + 7. Let g be b(-4). Let s(y) = 5*y + 1. Give s(g).
16
Let p(u) = -u + 4. Let f be p(6). Let w = 1 + -4. Let b be (f/w)/((-2)/6). Let m(v) = 2*v - 1. Calculate m(b).
-5
Suppose 4*m + a - 24 = 5*a, 3*a = 2*m - 15. Let n(o) = -2*o + 4. Calculate n(m).
-2
Let h be (-7)/(7/3) + -1. Let z(a) = a**2 + 5*a + 2. Determine z(h).
-2
Suppose -2*p - 15 = -7*p. Suppose -p*j = -6*j + 6. Let t(r) = 8 + 2*r**j - 2*r**2 + 4 + r**2 - r**3. Give t(0).
12
Let g(s) = 12 - 10*s - 2 - 6 + 7*s. Give g(5).
-11
Let h(n) = -3*n**2 - 3*n + 0*n + 2*n**2. Let u(z) = z. Let m(p) = 7*p + 1. Let y(d) = m(d) - 6*u(d). Let w be y(-4). What is h(w)?
0
Let c(y) = -3*y**2 - 4*y - 4. Let w(h) = -2*h**2 - 3*h - 4. Let i(x) = 3*c(x) - 4*w(x). Suppose -8 = -4*q - 4*n, 7*q - 3*q = 5*n - 10. What is i(q)?
4
Let o(j) = j**3 + 7*j**2 - 8*j - 11. Let a be (-52)/6